{"id":181694,"date":"2023-05-15T20:57:19","date_gmt":"2023-05-15T18:57:19","guid":{"rendered":"https:\/\/staging.fundacioncarf.org\/colabora\/pon-cara-a-tu-donativo\/carlos-manuel-abreu-frias\/"},"modified":"2025-07-22T11:44:10","modified_gmt":"2025-07-22T09:44:10","slug":"carlos-manuel-abreu-frias","status":"publish","type":"candidatos","link":"https:\/\/staging.fundacioncarf.org\/it\/colabora\/pon-cara-a-tu-donativo\/carlos-manuel-abreu-frias\/","title":{"rendered":"Carlos Manuel Abreu Frias"},"content":{"rendered":"<h1>Dio mi invita a imitare Ges\u00f9 Cristo, che \u00e8 la via, la verit\u00e0 e la vita.<\/h1>\n<p>Carlos Manuel Abreu Fr\u00edas \u00e8 un sacerdote della diocesi di Santo Domingo, nella Repubblica Dominicana. Proviene da una famiglia molto cattolica di tre fratelli.<\/p>\n<p><span style=\"font-weight: 400;\">\"<\/span>\"I miei genitori mi hanno iniziato alla fede attraverso gruppi di preghiera, gruppi di rinnovamento carismatico e comunit\u00e0 neocatecumenali.<\/p>\n<p>Fin da piccola, anche mia nonna mi ha inculcato la fede, che mi ha aiutato a comprendere l'universalit\u00e0 della Chiesa e la diversit\u00e0 dei carismi nell'opera della Chiesa.<\/p>\n<p>Nella mia parrocchia Mar\u00eda Auxiliadora, ho avuto l'opportunit\u00e0 di conoscere il servizio e la vocazione del sacerdozio. Ho sentito il bisogno di imitarli nel loro lavoro con i giovani e con il resto dei parrocchiani.<\/p>\n<p>Il mio percorso vocazionale non \u00e8 stato privo di dubbi, infatti, quando sono entrato in seminario ero gi\u00e0 molto vecchio. Studiavo pubblicit\u00e0 all'universit\u00e0 e mi trovavo di fronte a dubbi e indecisioni sull'opportunit\u00e0 di rispondere alla chiamata di Dio, che bussava alle porte del mio cuore.<\/p>\n<p>Per sette anni, mi sono formato nel Seminario di Santo Domingo, in un periodo in cui noi seminaristi non avevamo un alloggio nel Seminario, ma vivevamo in case di famiglie che ci ospitavano.<\/p>\n<p>Sono stato ordinato sacerdote il 24 giugno 2000 e prima dell'ordinazione lavoravo gi\u00e0 nelle parrocchie. Lavoro nelle parrocchie di San Domenico da pi\u00f9 di vent'anni, nove anni nel tribunale ecclesiastico e tre anni come assistente del segretario della Conferenza episcopale.<\/p>\n<p>Tutta la mia esperienza di fede \u00e8 un'esperienza di Dio in cui Lui mi invita a mettermi al servizio della comunit\u00e0, dei fedeli e anche a imitare Ges\u00f9 Cristo che \u00e8 la via, la verit\u00e0 e la vita.<\/p>\n<p>In questo senso vi chiedo di pregare per me, come io pregher\u00f2 per voi allo stesso modo, affinch\u00e9 Dio vi dia il centuplo in questa donazione che fate alla formazione dei sacerdoti, al servizio della Chiesa\".<span style=\"font-weight: 400;\">\".<\/span><\/p>","protected":false},"excerpt":{"rendered":"<p>Dios me invita a imitar a Jesucristo que es camino, verdad y vida Carlos Manuel Abreu Fr\u00edas es un sacerdote de la di\u00f3cesis de Santo Domingo, en la Rep\u00fablica Dominicana. Proviene de una familia de tres hermanos muy cat\u00f3lica. \u00abMis padres me iniciaron en la fe a trav\u00e9s de los grupos de oraci\u00f3n, de grupos [&hellip;]<\/p>\n","protected":false},"featured_media":0,"menu_order":0,"template":"","format":"standard","meta":{"_acf_changed":false,"give_campaign_id":0,"footnotes":""},"tags":[120],"pcatd":[],"cantidad":[],"continente":[],"estadobeca":[3],"class_list":["post-181694","candidatos","type-candidatos","status-publish","format-standard","hentry","tag-sacerdote","estadobeca-en-curso"],"acf":[],"_links":{"self":[{"href":"https:\/\/staging.fundacioncarf.org\/it\/wp-json\/wp\/v2\/candidatos\/181694","targetHints":{"allow":["GET"]}}],"collection":[{"href":"https:\/\/staging.fundacioncarf.org\/it\/wp-json\/wp\/v2\/candidatos"}],"about":[{"href":"https:\/\/staging.fundacioncarf.org\/it\/wp-json\/wp\/v2\/types\/candidatos"}],"version-history":[{"count":1,"href":"https:\/\/staging.fundacioncarf.org\/it\/wp-json\/wp\/v2\/candidatos\/181694\/revisions"}],"predecessor-version":[{"id":218653,"href":"https:\/\/staging.fundacioncarf.org\/it\/wp-json\/wp\/v2\/candidatos\/181694\/revisions\/218653"}],"wp:attachment":[{"href":"https:\/\/staging.fundacioncarf.org\/it\/wp-json\/wp\/v2\/media?parent=181694"}],"wp:term":[{"taxonomy":"post_tag","embeddable":true,"href":"https:\/\/staging.fundacioncarf.org\/it\/wp-json\/wp\/v2\/tags?post=181694"},{"taxonomy":"pcatd","embeddable":true,"href":"https:\/\/staging.fundacioncarf.org\/it\/wp-json\/wp\/v2\/pcatd?post=181694"},{"taxonomy":"cantidad","embeddable":true,"href":"https:\/\/staging.fundacioncarf.org\/it\/wp-json\/wp\/v2\/cantidad?post=181694"},{"taxonomy":"continente","embeddable":true,"href":"https:\/\/staging.fundacioncarf.org\/it\/wp-json\/wp\/v2\/continente?post=181694"},{"taxonomy":"estadobeca","embeddable":true,"href":"https:\/\/staging.fundacioncarf.org\/it\/wp-json\/wp\/v2\/estadobeca?post=181694"}],"curies":[{"name":"wp","href":"https:\/\/api.w.org\/{rel}","templated":true}]}}

<h1>Dio mi invita a imitare Gesù Cristo, che è la via, la verità e la vita.</h1>
<p>Carlos Manuel Abreu Frías è un sacerdote della diocesi di Santo Domingo, nella Repubblica Dominicana. Proviene da una famiglia molto cattolica di tre fratelli.</p>
<p><span style="font-weight: 400;">"</span>"I miei genitori mi hanno iniziato alla fede attraverso gruppi di preghiera, gruppi di rinnovamento carismatico e comunità neocatecumenali.</p>
<p>Fin da piccola, anche mia nonna mi ha inculcato la fede, che mi ha aiutato a comprendere l'universalità della Chiesa e la diversità dei carismi nell'opera della Chiesa.</p>
<p>Nella mia parrocchia María Auxiliadora, ho avuto l'opportunità di conoscere il servizio e la vocazione del sacerdozio. Ho sentito il bisogno di imitarli nel loro lavoro con i giovani e con il resto dei parrocchiani.</p>
<p>Il mio percorso vocazionale non è stato privo di dubbi, infatti, quando sono entrato in seminario ero già molto vecchio. Studiavo pubblicità all'università e mi trovavo di fronte a dubbi e indecisioni sull'opportunità di rispondere alla chiamata di Dio, che bussava alle porte del mio cuore.</p>
<p>Per sette anni, mi sono formato nel Seminario di Santo Domingo, in un periodo in cui noi seminaristi non avevamo un alloggio nel Seminario, ma vivevamo in case di famiglie che ci ospitavano.</p>
<p>Sono stato ordinato sacerdote il 24 giugno 2000 e prima dell'ordinazione lavoravo già nelle parrocchie. Lavoro nelle parrocchie di San Domenico da più di vent'anni, nove anni nel tribunale ecclesiastico e tre anni come assistente del segretario della Conferenza episcopale.</p>
<p>Tutta la mia esperienza di fede è un'esperienza di Dio in cui Lui mi invita a mettermi al servizio della comunità, dei fedeli e anche a imitare Gesù Cristo che è la via, la verità e la vita.</p>
<p>In questo senso vi chiedo di pregare per me, come io pregherò per voi allo stesso modo, affinché Dio vi dia il centuplo in questa donazione che fate alla formazione dei sacerdoti, al servizio della Chiesa".<span style="font-weight: 400;">".</span></p>

<p>Dios me invita a imitar a Jesucristo que es camino, verdad y vida Carlos Manuel Abreu Frías es un sacerdote de la diócesis de Santo Domingo, en la República Dominicana. Proviene de una familia de tres hermanos muy católica. «Mis padres me iniciaron en la fe a través de los grupos de oración, de grupos [&hellip;]</p>
